of -1*n*r/(-12)?
2
Let k(t) = t**3 + 16*t**2 + 13*t + 20. What is the tens digit of k(-15)?
5
Let d = 16 + -9. Suppose a = 2*a - 2. Suppose -a*b + b = -d. What is the units digit of b?
7
Let l(a) = -38*a + 1. Let q be l(-3). Suppose 8*m - q = 3*m. What is the tens digit of m?
2
Let x(r) = 49*r - 2. Let s be x(1). Let a = s - 28. What is the units digit of a?
9
Let n(c) = 22*c - 64. What is the tens digit of n(7)?
9
Let s(g) = 3*g**2 - 2*g - 3. What is the tens digit of s(-2)?
1
Suppose 0 = 3*u + 3*k + 15, 5*u - u - 2*k = 10. Let w be -2 - (-4 + 0 + 0). Let h = w + u. What is the units digit of h?
2
Let x = 413 + -280. What is the hundreds digit of x?
1
Let m = 129 - 45. What is the units digit of m?
4
Suppose 0 = 4*j + 27 - 359. What is the tens digit of j?
8
Let c(x) be the first derivative of -x**3/3 + 2*x**2 + 4*x + 4. Let l be c(6). Let p = 3 - l. What is the tens digit of p?
1
Let y(o) = -o**3 - 3*o**2 + o. Let c be y(-2). Let t = 39 + c. What is the units digit of t?
3
What is the tens digit of 5*-1*756/(-105)?
3
Suppose 3*o + 88 = -o. Let h = o - -40. What is the tens digit of h?
1
Suppose 0 = -4*y + 5*y + 2*k - 19, 3*y = -5*k + 55. Suppose 0 = 2*u - u - y. What is the units digit of u?
5
Let a(k) = k**2 + 9*k - 8. What is the units digit of a(-10)?
2
Let a = -27 - -40. Let s = 8 - a. Let z = 6 + s. What is the units digit of z?
1
Let y = 20 + 42. What is the tens digit of y?
6
Let o = -68 + 40. What is the units digit of (2 - 4)/(2/o)?
8
Suppose 4*g - 484 = -4*t, 3*g + 2*t - 351 = 5*t. What is the tens digit of g?
1
Suppose 13*c = 16*c + 3. Let w(k) = k + 5. Let o be w(-5). Let t = o - c. What is the units digit of t?
1
Let p = 7 - 6. What is the tens digit of ((-60)/(6/(-2)))/p?
2
Let z = 180 - 118. What is the tens digit of z?
6
Let m(g) = g**3 + 11*g**2 + 10*g - 6. Let l be m(-10). Let z = l + 7. Let u = 6 - z. What is the units digit of u?
5
Suppose 0 = -2*j - 5*j + 28. Let b = -8 + 13. Suppose 3*x - j*p - 28 = -x, 5*p - 5 = -b*x. What is the units digit of x?
4
Suppose -2*x + 2*o - 7*o = -8, -x = -2*o - 4. Let f = -8 + 13. Suppose x*w - f = -w. What is the units digit of w?
1
Let v = 15 - 6. Let a(o) = o + 9. Let d be a(-9). Let y = v + d. What is the units digit of y?
9
Let r be 1/(-3) + 33/(-9). Let j = r + 15. What is the tens digit of j?
1
Let d(k) = k**2 - 2*k - 31. What is the units digit of d(13)?
2
Let y(b) be the third derivative of -b**4/8 - b**3/6 - b**2. What is the units digit of y(-3)?
8
Let y = 199 - 103. What is the tens digit of y?
9
Let w = 11 - 6. Let u(n) = 3*n - 5. What is the units digit of u(w)?
0
Suppose 1 = -f - 3. What is the units digit of ((-1)/2)/(f/16)?
2
What is the tens digit of (27/(-6))/(1/(-12))?
5
Let p be ((-78)/(-3))/(2/1). Let v(w) = w**2 - 10*w - 8. What is the tens digit of v(p)?
3
Let p(o) = -o**2 + o + 6. Let i be p(4). What is the tens digit of (12 - i) + (-3 - 0)?
1
Suppose 10*i = 4*w + 5*i - 106, 3*i = -4*w + 90. What is the units digit of w?
4
Suppose -2*r = -3*i + i - 32, -5*i - 20 = -r. What is the units digit of r?
5
Let i = 400 - 281. What is the units digit of i?
9
Suppose 5*o + 0*o + z = 88, z + 92 = 5*o. Let j(a) = a**2 - 17*a - 12. What is the units digit of j(o)?
6
What is the units digit of 2/7 - 3500/(-98)?
6
Suppose -5*n + 60 = 5*o, -4*n + 11 = -2*o - 67. What is the units digit of n?
7
Suppose 0 = f + 4*f + 4*v - 19, 3*v - 9 = -2*f. What is the units digit of f?
3
Suppose 0 = -5*q + 3*y + 252, -2*y - 19 + 123 = 2*q. Suppose -5*z - 5*n = -85, -3*z + 2*n + 0*n + q = 0. What is the units digit of z?
7
Let d(v) = 5*v**2 - v. Let s(i) = -4*i**2. Let f(h) = -2*d(h) - 3*s(h). Let k = -6 - -4. What is the units digit of f(k)?
4
Let j(b) = b**2 - 4*b - 3. Let s(c) = -c**3 - 6*c**2 - 5*c + 5. Let d be s(-5). Let y be j(d). What is the units digit of -2 + y + 60/4?
5
Suppose 145 = 5*y - 160. What is the units digit of y?
1
Let s(v) = 13*v - 1. Let h be s(1). Let j(y) = y**2 + 3*y - 1. Let f be j(-4). Let d = h - f. What is the units digit of d?
9
Let l = 12 - 7. Let q = l - 3. What is the units digit of q?
2
Let z(r) = -2*r - r**3 - 4 - 3*r**2 - 5*r**2 - 3*r**2 + 3*r**2. Let j be z(-8). Let f = -4 + j. What is the units digit of f?
8
Let r(k) = 109*k**3 - 2*k**2 + 7*k - 6. What is the tens digit of r(1)?
0
Suppose 0 = -4*m + 5*k + 24, -k = 4*m + 3 - 27. Suppose 2 = h + o, -m*h - 18 = -h - 2*o. Let a = h + 5. What is the units digit of a?
3
Let v be 1/3 - (-11)/3. Suppose 0 = -2*z - 4 - v. Let t = -3 - z. What is the units digit of t?
1
Let v be ((-15)/9)/(1/(-3)). Let j be (3 - v) + 4/2. Suppose 0*f + 3*f - 48 = j. What is the units digit of f?
6
Let q(x) = -5*x**2 + 7*x - 6. Let c(h) = -h**2 - 1. Let v(p) = -4*c(p) + q(p). Let i be v(5). Suppose i + 2 = d. What is the units digit of d?
0
Let l be (210/8)/((-4)/16). What is the units digit of (l/(-9))/((-3)/(-9))?
5
Let c(y) = -y**3 + 2*y**2 + 4*y - 2. Let d = -4 - -7. Let v be c(d). Let a = 2 - v. What is the units digit of a?
1
Let d = 3 + 1. Suppose 65 = d*v - 19. What is the tens digit of v?
2
Let f(t) = 5*t**3 - t + 1. Let q be f(-2). Let z = -22 - q. What is the units digit of 2 + z/(9/3)?
7
Suppose 2*w - 13 = 1. What is the units digit of w?
7
Let m(d) = 11*d - 15. Let w(k) = -5*k + 7. Let l(u) = -6*m(u) - 13*w(u). What is the units digit of l(-2)?
1
Let z = 37 + -1. What is the tens digit of z?
3
Let d be (-8)/6*(-3)/2. Let p = -21 - -20. Let h = p + d. What is the units digit of h?
1
What is the units digit of 119/(-35) + 4/10 + 77?
4
Let q(b) = b**3 - b**2 - b + 1. Let o be q(4). Suppose -2*p + o = -p. Suppose -3*f - 2*f + p = 0. What is the units digit of f?
9
Let i(g) = -g**3 - 6*g**2. Let f be i(-6). Let n(z) = -z**3 + 5*z**2 - 3*z - 1. Let q be n(4). Suppose -q*l + 2 + 13 = f. What is the units digit of l?
5
Let l(z) = z + 1. Let g(f) = -f**2 - 9*f - 5. Let v(y) = -g(y) - 3*l(y). Let n be v(-6). What is the units digit of n/(-2) - (-14)/2?
6
Let q(u) = u**2 - 8*u + 2. Let j be q(8). Let t = 18 + -8. Suppose 1 = 2*r + l - j, 4*r - 2*l = t. What is the units digit of r?
2
Let c = 105 - 70. What is the units digit of 2 + 0 - c/(-5)?
9
Let v(d) = -51*d**2 + 7*d. Let u(l) = -101*l**2 + 13*l. Let x(i) = -6*u(i) + 11*v(i). What is the tens digit of x(1)?
4
Let m(h) = -h**2 + 5*h - 6. Let s be m(5). Let w(l) be the first derivative of l**3/3 + 5*l**2/2 + 4*l - 32. What is the tens digit of w(s)?
1
Suppose -5*q + 57 = 5*t + 152, 3*t + 43 = -2*q. Let f = q - -25. What is the tens digit of f?
1
Suppose 2*w = 3*w - 12. What is the tens digit of w?
1
Suppose -4*g = -2*l + 40, 0 = -0*g - g + 1. Suppose 8 = -h + l. What is the units digit of h?
4
Suppose -3*a + 5*d - 3*d + 4 = 0, -a = -2*d. Suppose 4*s - a*s = 26. What is the units digit of s?
3
Let i(v) be the second derivative of -v**5/20 - 13*v**4/12 + 5*v**3/2 + 9*v**2 - 7*v. What is the units digit of i(-14)?
4
Let l = 6 - 0. Let f = -13 + 15. What is the units digit of 3*((-10)/l + f)?
1
Let q = -19 - -25. What is the tens digit of 176/6*q/4?
4
Let p = 28 - 50. What is the units digit of 0 + (-1)/(2/p)?
1
Let t(p) = p**3 + 9*p**2 + p + 13. Let l be t(-9). Suppose 3 = o - l*r - 9, 3*r = -o - 2. What is the units digit of o?
4
Let p(r) = 5*r**2 - 2*r + 4. Let u be p(-3). Let n = u - 23. What is the tens digit of n?
3
Let v = 10 + -8. Let y = v - -4. What is the units digit of y?
6
Let g(a) = a**3 + 5*a**2 + 6. Let j be g(-5). Let h = -7 + j. What is the tens digit of ((-17)/2)/(h/2)?
1
Let q be -3*(-8)/(-6)*-4. Let d = 25 - q. What is the units digit of d?
9
Let f(v) = -v**2 + 7*v - 5. Let t be f(5). Suppose t = 3*h - 1. Suppose 2*u = -x - 2 - h, -2*x + 10 = -2*u. What is the units digit of x?
2
Let a(j) be the second derivative of j**3/3 + j**2 - 2*j. What is the units digit of a(5)?
2
Suppose 11 = j - 2*o - 1, 0 = -5*o - 25. Let g(a) = 3*a**3 - 3*a**2 + a - 1. What is the tens digit of g(j)?
1
Let h = 12 - 8. Let q be (h - -1)/(4/(-4)). Let z = 8 + q. What is the units digit of z?
3
Let q(t) = t**3 + 8*t**2 + 2*t - 2. What is the units digit of q(-3)?
7
Suppose -c + 9 = 4*c + 3*q, 4*c - 2*q + 6 = 0. Suppose c*y + 28 = 2*y. What is the tens digit of y?
1
Let g(m) = -m**3 - 3*m**2 - 3*m - 4. Let q be g(-3). Let d be (-6)/15 + 2402/q. What is the tens digit of d/35 - (-4)/14?